posite number?
True
Is 156823201 composite?
False
Is 40078579 a prime number?
False
Is 62310163 a prime number?
True
Is 3713561 a composite number?
False
Is 20370367 prime?
True
Is 38093486 prime?
False
Is 2682307 prime?
True
Is 13749929 a prime number?
False
Is 9404683 a composite number?
True
Is 36582673 composite?
True
Is 1135061 a composite number?
False
Is 73506791 a prime number?
False
Is 224487119 prime?
True
Is 21881477 a prime number?
True
Is 334551643 composite?
False
Is 52597565 a composite number?
True
Is 182844379 a prime number?
False
Is 1823707 a composite number?
True
Is 362344699 a prime number?
False
Is 1162523 a composite number?
True
Is 278843 prime?
True
Is 4959761 composite?
False
Is 167793089 a prime number?
True
Is 18338071 a composite number?
True
Is 66897581 composite?
True
Is 113756927 a prime number?
True
Is 16411663 a composite number?
False
Is 7211713 composite?
False
Is 4549361 prime?
False
Is 317959 a prime number?
True
Is 7954549 a composite number?
True
Is 10604309 prime?
True
Is 58301891 a composite number?
True
Is 4335883 composite?
False
Is 6264593 prime?
True
Is 9275783 prime?
False
Is 61613309 composite?
False
Is 18842177 prime?
True
Is 110086657 a prime number?
True
Is 2225101 composite?
False
Is 143873302 composite?
True
Is 16140009 prime?
False
Is 4917019 a composite number?
False
Is 12601331 a composite number?
True
Is 53870315 a prime number?
False
Is 540511165 prime?
False
Is 66338771 prime?
True
Is 114710339 a composite number?
True
Is 6101503 a composite number?
True
Is 83085931 a composite number?
False
Is 83540323 a prime number?
True
Is 68649797 composite?
False
Is 68716721 a composite number?
False
Is 1042683 composite?
True
Is 64438943 a prime number?
False
Is 5494969 a composite number?
False
Is 55967 composite?
False
Is 79566007 a composite number?
False
Is 1805239 composite?
False
Is 14369911 a prime number?
True
Is 22794931 composite?
False
Is 1165291 a prime number?
False
Is 1117747 a composite number?
True
Is 405275621 composite?
False
Is 196799483 composite?
False
Is 28637657 prime?
True
Is 28388791 composite?
False
Is 1217617 a composite number?
False
Is 7322779 a composite number?
False
Is 39975047 composite?
True
Is 1280137 composite?
True
Is 4799657 a prime number?
False
Is 112455751 a composite number?
False
Is 3891179 composite?
True
Is 29509321 a composite number?
False
Is 415231 prime?
True
Is 7264319 a composite number?
False
Is 84306967 prime?
True
Is 174367 a prime number?
True
Is 31011223 prime?
True
Is 8579827 prime?
False
Is 2775137 prime?
True
Is 6930361 a prime number?
False
Is 11293739 composite?
False
Is 9964903 a composite number?
True
Is 25087351 a prime number?
True
Is 753437 composite?
False
Is 758926001 a prime number?
True
Is 911719 a composite number?
False
Is 33433453 prime?
True
Is 109168303 a prime number?
True
Is 49044361 a prime number?
True
Is 21498203 a prime number?
True
Is 7102733 a prime number?
False
Is 72917971 prime?
False
Is 130216733 a prime number?
False
Is 16851713 prime?
False
Is 503663 prime?
True
Is 27986005 a prime number?
False
Is 13796229 composite?
True
Is 346830791 composite?
False
Is 2058373 a prime number?
True
Is 19557877 prime?
True
Is 3347753 a composite number?
False
Is 1662659 a prime number?
False
Is 5589079 composite?
True
Is 16143319 prime?
False
Is 179453 composite?
False
Is 5505317 prime?
True
Is 35141969 a prime number?
False
Is 303388531 a prime number?
True
Is 6643477 prime?
False
Is 105867149 a prime number?
True
Is 188611531 a composite number?
False
Is 2577203 prime?
True
Is 27375349 a composite number?
False
Is 1479911 prime?
True
Is 7383433 a composite number?
False
Is 4129379 prime?
False
Is 2185107 composite?
True
Is 3942977 a composite number?
False
Is 1251409 composite?
False
Is 36872551 composite?
False
Is 397973621 composite?
True
Is 138994909 prime?
True
Is 98714953 a prime number?
True
Is 1582481 a prime number?
False
Is 1708283 composite?
False
Is 12909217 prime?
True
Is 113864167 a composite number?
False
Is 29171937 a prime number?
False
Is 2797661 prime?
False
Is 54862691 composite?
True
Is 5037251 composite?
True
Is 244991323 a composite number?
True
Is 174389 composite?
False
Is 335593 prime?
False
Is 172996037 a composite number?
False
Is 59309 a composite number?
True
Is 35727319 a composite number?
True
Is 4220039 a composite number?
False
Is 3047613 a prime number?
False
Is 407998 composite?
True
Is 3117091 a composite number?
True
Is 36967069 a composite number?
False
Is 23717 prime?
False
Is 641129 prime?
True
Is 2428213 a composite number?
False
Is 2010689 a composite number?
False
Is 39067169 a prime number?
True
Is 5202971 composite?
False
Is 133668057 a prime number?
False
Is 264428449 composite?
False
Is 5104741 composite?
False
Is 41071589 prime?
False
Is 3356863 a composite number?
True
Is 385194611 a prime number?
False
Is 12786997 composite?
False
Is 153046591 a prime number?
True
Is 20411087 prime?
False
Is 26904157 a prime number?
False
Is 5542451 prime?
False
Is 10768907 composite?
False
Is 15260433 composite?
True
Is 382404601 a prime number?
False
Is 218670163 prime?
True
Is 244870761 a composite number?
True
Is 190309811 a composite number?
False
Is 271099121 composite?
False
Is 10918501 a composite number?
True
Is 3590759 a composite number?
False
Is 82755443 a composite number?
False
Is 5602327 composite?
False
Is 691693253 composite?
True
Is 26680733 a prime number?
False
Is 19458865 a composite number?
True
Is 170078549 prime?
False
Is 150527 a composite number?
True
Is 11610509 a composite number?
False
Is 2627134 prime?
False
Is 112177873 a prime number?
True
Is 2042366 composite?
True
Is 162418337 prime?
False
Is 1989667 prime?
False
Is 68662459 composite?
True
Is 34559527 composite?
True
Is 38392889 a composite number?
False
Is 56801435 composite?
True
Is 1318024445 a composite number?
True
Is 3917681 prime?
True
Is 47793181 prime?
True
Is 5157673 prime?
False
Is 6926081 a prime number?
True
Is 39791203 composite?
True
Is 939125653 a composite number?
False
Is 4634249 prime?
True
Is 2981933 a composite number?
False
Is 639791 composite?
True
Is 75790021 a prime number?
False
Is 11501051 composite?
False
Is 102493263 a composite number?
True
Is 3024773 composite?
True
Is 68914 prime?
False
Is 18013297 prime?
True
Is 1691161 a prime number?
True
Is 486373 a composite number?
True
Is 412714639 a prime number?
True
Is 75931 composite?
False
Is 7259113 a composite number?
True
Is 2703817 prime?
False
Is 9682861 a prime number?
False
Is 642358909 composite?
True
Is 72461731 composite?
False
Is 9959291 prime?
True
Is 38744193 a composite number?
True
Is 1740509 a prime number?
False
Is 75940703 a composite number?
False
Is 354581 a prime number?
True
Is 32280119 composite?
True
Is 18432933 prime?
False
Is 362542979 a composite number?
False
Is 7355911 a composite number?
False
Is 109615879 a composite number?
False
Is 127624543 prime?
True
Is 7524553 composite?
False
Is 4690927 composite?
True
Is 9904991 a prime number?
False
Is 243367 composite?
False
Is 3010793 a prime number?
False
Is 229400423 prime?
False
Is 2504807 a composite number?
False
Is 3575639 a prime number?
True
Is 19439887 prime?
True
Is 72331921 a prime number?
True
Is 1705267 a composite number?
False
Is 170411177 prime?
False
Is 542611 prime?
False
Is 82379423 a prime number?
False
Is 16493153 composite?
True
Is 179891 a prime number?
False
Is 264544541 composite?
True
Is 153869279 a prime number?
True
Is 118325737 prime?
False
Is 450517121 a prime number?
True
Is 164463527 composite?
False
Is 1865867 composite?
True
Is 4392911 a prime number?
True
Is 855493 composite?
True
Is 65593097 a prime number?
True
Is 335505539 a prime number?
True
Is 6621218 a composite number?
True
Is 52092947 prime?
False
Is 325640453 a prime number?
True
Is 221291989 a composite number?
False
Is 20750107 a composite number?
True
Is 1324109 a prime number?
False
Is 3871793 prime?
False
Is 334461865 a composite number?
True
Is 51129679 composite?
False
Is 281121719 composite?
True
Is 4271 a composite number?
False
Is 25913969 prime?
False
Is 6940693 a composite number?
True
Is 11939227 a prime number?
True
Is 541859 composite?
Fal